d 18.
18
Suppose -12*g + 6*g = 396. Let d = 71 + g. Calculate the greatest common factor of d and 10.
5
Let w(s) = s**2 + 6*s - 12. Let k be w(4). Calculate the greatest common factor of k and 35.
7
Let w = 58 - -310. What is the highest common divisor of w and 23?
23
Let r(f) = -11*f**3 + 23*f**3 + 5*f - 30 - 13*f**2 - 11*f**3. Let d be r(13). Calculate the greatest common divisor of 14 and d.
7
Suppose -2*i - 6 = -d + 10, 3*d + 2*i = 88. Suppose -d = -5*n + 3*k, -8 = 2*k + 2*k. What is the highest common factor of 1 and n?
1
Suppose -b + 5 = 0, 5*v - 31 = -b + 49. Let x be (1 + -25)*(-415)/249. Calculate the greatest common divisor of x and v.
5
Suppose 4*c + 13 = 2*y - 257, -2*y + 246 = 4*c. Calculate the greatest common divisor of y and 215.
43
Let u be 1696/56 - (-4)/(-14). Let q = u - 15. What is the highest common divisor of 10 and q?
5
Let q be (-3 + 2)*4/(-2). Suppose 3*n + 7*n - 220 = 0. Calculate the highest common divisor of q and n.
2
Let g(y) = 15*y**2 + 3*y - 5. Let o be g(5). Suppose -i - o = -6*i. Let c be (1 + 2)/((-33)/(-77)). Calculate the greatest common divisor of c and i.
7
Let o(n) = 5*n**3 - 2*n**2 - 9*n + 12. Let a be o(2). Suppose 4*t = w + 3*t - 40, -w - t = -38. What is the greatest common divisor of a and w?
13
Suppose 0 = -5*v - 3*a + 42, 0*v + 14 = v + 2*a. Let y(q) = 18*q - 6. Let i be y(2). What is the greatest common factor of v and i?
6
Let d be ((-4)/(-6))/(((-144)/(-1701))/8). What is the highest common factor of 18 and d?
9
Suppose 15 = 5*l, 3*q - 3*l = -17 + 98. What is the highest common factor of 10 and q?
10
Suppose 0 = 3*c + 7 - 34. Let d = 45 - c. What is the greatest common factor of 24 and d?
12
Let y = 13 + -5. Let r = 2 + 0. Calculate the greatest common divisor of y and r.
2
Let h = -192 - -205. What is the greatest common divisor of 13 and h?
13
Let w = -912 - -922. What is the highest common factor of 1870 and w?
10
Let i(k) = k**2 - 5*k - 2. Let v be i(4). Let z be -6*v/(-9)*-1. Let h be (z/(-3))/(8/(-24)). Calculate the highest common factor of h and 1.
1
Let a(p) = p**2 - 11*p - 7. Let h be a(12). Suppose -h*o = j - 41, -j - 4 = -0*j. Calculate the greatest common divisor of 81 and o.
9
Let g(x) = x**2 - 26*x + 403. Let z be g(22). Calculate the greatest common divisor of 63 and z.
63
Suppose -2*k - x = -35, -6*k - 3*x = -4*k - 41. Suppose -5*h = 10 - 90. Calculate the highest common divisor of h and k.
16
Suppose -3 = -3*c - 0. Let v(p) = 8423*p - 8423*p + 6*p**2 + 7*p**2. Let x be v(c). What is the greatest common factor of x and 39?
13
Let z(q) = -10*q**3 + 14*q**2 - 9*q - 3. Let d be z(-4). What is the greatest common factor of d and 345?
69
Let k(h) = -h**3 + 4*h**2 + 6*h - 5. Let f be k(5). Suppose 4*a - a - 27 = f. What is the highest common factor of 81 and a?
9
Let x = -479 - -789. Calculate the greatest common divisor of x and 5.
5
Suppose -4*k + 52 = 5*v - v, -3*v + 23 = k. What is the highest common factor of 112 and k?
8
Suppose -2*f = 3*m, 0 = 4*m + 3*f + 1. Suppose 5 + 1 = -2*s - 4*g, -g = -m*s - 6. Let l be (s + 1 - 22)/(-1). What is the highest common divisor of l and 12?
12
Suppose -2*s = -4*z - 126, -5*s + 91 = -5*z - 229. What is the highest common divisor of s and 13?
13
Let n = 62 + -67. Let z be (-14 - n)*(-2 - -1). Suppose -3*f = -2 - 7. What is the highest common divisor of z and f?
3
Let b = 285 + -237. Calculate the greatest common divisor of b and 16.
16
Let s(p) = -12*p**3 - p**2 + 7*p - 10. Let b be s(-4). What is the greatest common divisor of b and 17?
17
Let x(v) = v**3 - 6*v**2 + 5*v - 8. Let t be x(6). Suppose 0 = -3*n + 59 + 40. Calculate the highest common divisor of n and t.
11
Suppose -15 = -4*z + 5. Suppose -z*o + 336 = -2*o. Let a be ((-8)/(-14))/(6/42)*4. Calculate the highest common divisor of a and o.
16
Suppose -22*a + 29*a - 35 = 0. Suppose -85 = -k - a*i + 65, k = -i + 166. Calculate the greatest common divisor of k and 10.
10
Let t(l) = l**2 + 5*l - 9. Let s be t(-6). Let x be (-1 + -1)*(s - -1). Suppose -x*n + 432 = 2*n. Calculate the greatest common factor of 8 and n.
8
Suppose -15*s + 14*s = -12. What is the highest common factor of s and 588?
12
Let v(y) = 3*y**3 - 49*y**2 + 17*y + 15. Let u be v(16). What is the greatest common factor of u and 124?
31
Let n(x) = 4*x**2 + 176*x + 180. Let j be n(-43). Let d = -11 - -27. Calculate the highest common divisor of d and j.
8
Suppose -7 = -u - 1. Suppose 11*w - 210 = u*w. Calculate the greatest common factor of 6 and w.
6
Let q be -21*3*1/3. Let v be 6/q - 1216/56. Let f = v - -30. Calculate the greatest common divisor of f and 56.
8
Suppose -3*j = 4*t - 482, -474 = -4*t - 2*j + 3*j. Suppose 5*u - 2*u + 2*v - 57 = 0, 0 = 5*v - 15. Calculate the highest common factor of t and u.
17
Let c be (4/(-7))/((-1)/21*-6). Let a be 3/c - 2457/(-42). Calculate the highest common divisor of 3 and a.
3
Suppose 0 = 3*l - 4*t - 246, -5*l - 28*t = -31*t - 410. What is the highest common factor of l and 533?
41
Let p be 1*(1 + -5) + 3 - -6. Let y be 160/(p - (-2 + 6)). Calculate the highest common divisor of 64 and y.
32
Suppose 1200 = 2*a - 5*q, 6*a - a - 2979 = 2*q. Calculate the greatest common divisor of 85 and a.
85
Let p(w) = 19*w**2 - 3*w + 4. Let s be p(1). Let d be (-96)/s + 4 + 267/15. What is the greatest common divisor of d and 17?
17
Let w = 887 - 484. Calculate the highest common factor of 26 and w.
13
Suppose 10*c - 4488 = -23*c. Calculate the highest common factor of 102 and c.
34
Let g be -2 + 5 - 0/5. Suppose 3*j = -j + 4, g*u = 2*j + 25. What is the highest common factor of 9 and u?
9
Let k be (-21)/(42/4)*(-59 + -1). What is the greatest common factor of k and 90?
30
Let o = -66 + 56. Suppose 0 = 4*j + 97 - 1. Let w = o - j. What is the highest common divisor of w and 21?
7
Let j = -481 + 488. What is the greatest common divisor of 112 and j?
7
Let p = -8 + 9. Let w = p - 5. Let k = w + 7. Calculate the highest common factor of 33 and k.
3
Suppose 3*z - 12 = -3. Let r = -20 - -13. Let p = 31 + r. Calculate the greatest common factor of p and z.
3
Let a(k) = -2*k**3 + 47*k**2 - 64*k + 13. Let p be a(22). Calculate the highest common factor of 513 and p.
57
Suppose -3*t + 2*t + 4 = 0. Let j = 8 + -2. What is the greatest common divisor of t and j?
2
Suppose -6*u + 3*u - 20 = 4*z, 3*u - 10 = 2*z. Suppose u = -5*f + 2*m + 24 + 162, -2*f - 3*m = -63. Calculate the greatest common factor of f and 9.
9
Let j be ((-16)/(-12) - 2)/(3/(-45)). What is the greatest common divisor of 55 and j?
5
Suppose 4 = 2*k - 0. Let h be k/(244/80 - 3). Calculate the highest common divisor of 10 and h.
10
Let s = 33 + 63. Calculate the greatest common divisor of 32 and s.
32
Let j(r) = r**3 + r**2 + 2*r + 28. Let f be -2 - (-11)/(11/2). Let h be j(f). Calculate the greatest common divisor of 112 and h.
28
Suppose w - 35 = -4*f, -5*f = 2*w - 6*w + 245. What is the greatest common factor of w and 25?
5
Let r be ((-4)/(-5))/((-4)/60). Let x be (-8)/6*18/r. What is the highest common factor of 3 and x?
1
Let u = -2827 - -2942. Calculate the highest common divisor of 25 and u.
5
Suppose 4*a + 16 = l - 52, 0 = -3*a - 9. Suppose 33*r - 38*r + 3*c = -25, 6*r - c = 43. What is the greatest common factor of l and r?
8
Let h be 186/4*(-8)/(-12). Let w be ((-31)/(-3))/(5/135). What is the highest common factor of h and w?
31
Suppose -y - 6*p + p = -6, p - 32 = -3*y. Suppose y = 3*d - 22. What is the highest common factor of d and 99?
11
Let m(z) = z**3 - 12*z**2 + 13*z - 7. Let s be m(11). Let d = 335 - 140. Calculate the highest common factor of d and s.
15
Let c = 189 - 147. Calculate the highest common factor of c and 42.
42
Suppose 71*k + 25 = 2*u + 68*k, 3*u = k + 41. What is the highest common divisor of 161 and u?
7
Let u(l) = l**3 + l**2 - 1. Let y = 1 - 0. Let b be u(y). Let m = -2908 + 2909. Calculate the highest common factor of m and b.
1
Let v = -39 + 67. Suppose -c + v = -16. Suppose -7*z - 381 = -409. Calculate the greatest common divisor of c and z.
4
Suppose -527 - 733 = -7*m. Calculate the highest common divisor of m and 80.
20
Let m = -22 - -29. Let f be m/((-28)/36) - 1. Let l be (-48)/9*15/f. What is the highest common divisor of 24 and l?
8
Let r be (-70)/(-6) + (-16)/24. Let s be -1*33*(-6)/6. What is 